s 0 - -67?
67
In base 14, what is -2 - 26?
-28
In base 5, what is -200133 - 10?
-200143
In base 11, what is -11 + 306?
2a5
In base 10, what is -1450 - 11?
-1461
In base 3, what is -112 + -10220?
-11102
In base 12, what is 7913 + -4?
790b
In base 9, what is 45 - -17?
63
In base 16, what is -3 - 1e?
-21
In base 3, what is 0 + -1110012?
-1110012
In base 9, what is 4 - 326?
-322
In base 2, what is -101000 + -1000?
-110000
In base 15, what is 13 + 4?
17
In base 5, what is -4 - 23?
-32
In base 4, what is 2311 - 1?
2310
In base 10, what is -602 + -9?
-611
In base 16, what is -5 - -1d2?
1cd
In base 3, what is 1 - 10122?
-10121
In base 16, what is -30 - 47?
-77
In base 12, what is 0 + -164?
-164
In base 6, what is -500 + 12?
-444
In base 15, what is 4 + 0?
4
In base 11, what is -5 + 161?
157
In base 11, what is -18 - 16?
-33
In base 10, what is 216 - -1?
217
In base 12, what is -1 - -438?
437
In base 15, what is e4 + 8?
ec
In base 8, what is -7 + 3?
-4
In base 7, what is -40 - 1651?
-2021
In base 16, what is 791 - 4?
78d
In base 16, what is 3 - d?
-a
In base 9, what is 103 + 78?
182
In base 11, what is 99 - 1?
98
In base 14, what is -4c - 2?
-50
In base 15, what is -1 + 4a2?
4a1
In base 5, what is 1314 + -1?
1313
In base 6, what is -1 - -2123?
2122
In base 6, what is -440 + 3?
-433
In base 6, what is -2 - 5523?
-5525
In base 14, what is -1 - -176?
175
In base 14, what is -122 - 4?
-126
In base 14, what is 3d0 + -3?
3cb
In base 15, what is -a1db + -5?
-a1e1
In base 4, what is -3 + 31111?
31102
In base 2, what is -11101 - 1010?
-100111
In base 3, what is -1202 - 0?
-1202
In base 16, what is 4 + 2f?
33
In base 10, what is 0 + -8?
-8
In base 11, what is -2 - -931?
92a
In base 16, what is -3 - 2a9?
-2ac
In base 6, what is 2500 - 4?
2452
In base 12, what is -33b - -3?
-338
In base 13, what is -5 + -2980?
-2985
In base 9, what is -83 - -5?
-77
In base 11, what is 324 + -18?
307
In base 7, what is 304 - -3?
310
In base 2, what is 1110001 - 1110101?
-100
In base 3, what is -11012 - 12?
-11101
In base 15, what is 7 + -4?
3
In base 6, what is 0 + 5?
5
In base 7, what is 3 + -20434?
-20431
In base 9, what is 113 + 10?
123
In base 9, what is -2287 - 1?
-2288
In base 11, what is 8950 + -4?
8947
In base 8, what is 300 - 6?
272
In base 7, what is -1 + -5354?
-5355
In base 2, what is -11001 - 1010?
-100011
In base 10, what is 273 + 4?
277
In base 4, what is -2331 + -1?
-2332
In base 9, what is 178 + 14?
203
In base 12, what is 51 - -6?
57
In base 5, what is 101 - -421?
1022
In base 9, what is 0 - -77?
77
In base 2, what is 10 + -1110100?
-1110010
In base 12, what is 5 + 295?
29a
In base 7, what is -1351 + -6?
-1360
In base 12, what is -565b - -2?
-5659
In base 10, what is -833 + 10?
-823
In base 4, what is -11310 - 32?
-12002
In base 7, what is 2515 - -2?
2520
In base 2, what is -100 - 100000?
-100100
In base 2, what is 100 + -110100?
-110000
In base 5, what is -431 - 10?
-441
In base 3, what is 12000122 + 11?
12000210
In base 13, what is a3 - 3c?
64
In base 14, what is -4 - -23a5?
23a1
In base 2, what is -1000 + -11110?
-100110
In base 14, what is -2 - 22?
-24
In base 14, what is 20 - 15?
9
In base 8, what is -12 - -134?
122
In base 8, what is 1506 + 4?
1512
In base 14, what is 4b - 6?
45
In base 4, what is 1102 + -110?
332
In base 15, what is 2 + 734?
736
In base 9, what is -1 + 50?
48
In base 12, what is -2 + -1769?
-176b
In base 3, what is -2122212 + 0?
-2122212
In base 16, what is 4 + -19?
-15
In base 8, what is 546 - 0?
546
In base 7, what is 1 - -2246?
2250
In base 3, what is -1200 + 21201?
20001
In base 10, what is 5 + -43?
-38
In base 12, what is 183b0 + 2?
183b2
In base 15, what is -4 - -180?
17b
In base 5, what is 2 + -4034?
-4032
In base 15, what is 599 + -1?
598
In base 8, what is -4 - -42?
36
In base 7, what is -62 + 1?
-61
In base 3, what is -1100201 - 20?
-1100221
In base 7, what is -56 - -12?
-44
In base 7, what is 12 - -36?
51
In base 10, what is -44 + -4?
-48
In base 5, what is -10 - 1244?
-1304
In base 11, what is -7390 + 0?
-7390
In base 2, what is 1 - -11000000?
11000001
In base 4, what is -213 - 21?
-300
In base 8, what is 10363 - 1?
10362
In base 14, what is -b + -733?
-740
In base 14, what is -10d7 - 2?
-10d9
In base 7, what is 6 + 165?
204
In base 10, what is 11 - -17?
28
In base 16, what is 4 + 843?
847
In base 13, what is -221 - 16?
-237
In base 10, what is -113 + -3?
-116
In base 16, what is 6 - -10?
16
In base 6, what is -4 - -3055?
3051
In base 13, what is -5 - -96?
91
In base 11, what is 515 - 1?
514
In base 15, what is 5 + 2e3?
2e8
In base 13, what is -5 - -807?
802
In base 10, what is 6 - -61?
67
In base 5, what is 10311 + 11?
10322
In base 8, what is -11 - 10?
-21
In base 14, what is 17 - 8?
d
In base 6, what is 23 + -101?
-34
In base 8, what is 7 + -16?
-7
In base 5, what is 331 + 23?
404
In base 14, what is 16a - 13?
157
In base 5, what is -30 - 201?
-231
In base 15, what is 1 + -20d?
-20c
In base 5, what is -141 + -12?
-203
In base 3, what is -110 - -1101?
221
In base 2, what is 1011100000 - -10?
1011100010
In base 6, what is 5 - -1413?
1422
In base 15, what is 2 + -2e?
-2c
In base 9, what is 132 - 14?
117
In base 6, what is -244 + -10?
-254
In base 3, what is 22 - 121?
-22
In base 5, what is -20 - 213?
-233
In base 12, what is -3 - -45?
42
In base 4, what is 2331 - 11?
2320
In base 10, what is 335 - 3?
332
In base 10, what is -2797 - -3?
-2794
In base 16, what is bc - -3e?
fa
In base 9, what is 16725 + 3?
16728
In base 6, what is -35 + 1232?
1153
In base 3, what is 22200 + -112?
22011
In base 5, what is -332 + -2141?
-3023
In base 14, what is -10c + -1?
-10d
In base 8, what is 22 + -7?
13
In base 9, what is -1 + 466?
465
In base 5, what is 11 + 11?
22
In base 7, what is 5 + 54?
62
In base 11, what is 1a + -5?
15
In base 11, what is -5 - -48a?
485
In base 2, what is 1000 + -100?
100
In base 2, what is 111 + 100111?
101110
In base 8, what is 5 - 5136?
-5131
In base 8, what is -1 - -14715?
14714
In base 10, what is 4 - -2262?
2266
In base 16, what is a + 5?
f
In base 13, what is 20 + -12?
b
In base 9, what is -20 + -55?
-75
In base 4, what is 3 + -232103?
-232100
In base 15, what is -e - -4?
-a
In base 2, what is 1111 + 110001?
1000000
In base 16, what is b - 8?
3
In base 7, what is -241 - -5?
-233
In base 8, what is -1 + -3512?
-3513
In base 9, what is -20770 - 2?
-20772
In base 14, what is 1 + -64b?
-64a
In base 4, what is 123 - -20?
203
In base 14, what is -1778 - -5?
-1773
In base 5, what is 2344 + 0?
2344
In base 15, what is -7 - 30?
-37
In base 6, what is -311 + -51?
-402
In base 14, what is -3 + 69d?
69a
In base 9, what is -2 - 837?
-840
In base 12, what is -204 + -1?
-205
In base 16, what is -bb - -1?
-ba
In base 6, what is 25 - 502?
-433
In base 11, what is 370 + 0?
370
In base 7, what is 0 - 361?
-361
In base 7, what is 10202 + -4?
10165
In base 6, what is -100 - -135?
35
In base 13, what is -13 + -9?
-1c
In base 12, what is 5 + 3?
8
In base 9, what is 4 + 36?
41
In base 8, what is -41 + -4?
-45
In base 15, what is -15 - -2?
-13
In base 15, what is 9a + -2?
98
In base 2, what is -101 + -100010?
-100111
In base 2, what is 1100101111 + -100?
1100101011
In base 9, what is -10 - -4786?
4776
In base 13, what is b - 14?
-6
In base 11, what is 4 + 65?
69
In base 5, what is 3202 - -4?
3211
In base 2, what is -100 - 100100?
-101000
In base 13, what is 4 + -73?
-6c
In base 11, what is 6 + 605?
610
In base 10, what is -2 - 38?
-40
In base 15, what is 3 + 39?
3c
In base 11, what is 136 - -3?
139
In base 3, what is -2 + -10?
-12
In base 6, what is -1 + 1434?
1433
In base 8, what is -1106 - -2?
-1104
In base 4, what is -2313 - -10?
-2303
In base 13, what is 2 - 107?
-105
In base 16, what is e59 + 2?
e5b
In base 5, what is 2034 + -3?
2031
In base 15, what is -5 - ac6?
-acb
In base 15, what is 53 + e?
62
In base 7, what is 0 - 130?
-130
In base 16, what is 9f - 1?
9e
In base 11, what is 3 - 144?
-141
In base 6, what is 12320 + 20?
12340
In base 12, what is -107 - 36?
-141
In base 11, what is -108 + -5?
-112
In base 10, what is 2 - 37?
-35
In base 12, what is -162 + 2?
-160
In base 4, what is -32023 - 1?
-32030
In base 13, what is -7 - -738?
731
In base 11, what is 10 - -7?
17
In base 11, what is 7 - -57?
63
In base 3, what is 12021002